sands digit of 7447?
7
What is the units digit of 2749?
9
What is the hundreds digit of 5841?
8
What is the units digit of 32681?
1
What is the thousands digit of 1432?
1
What is the hundreds digit of 4026?
0
What is the hundreds digit of 5225?
2
What is the tens digit of 13342?
4
What is the units digit of 1272?
2
What is the ten thousands digit of 47542?
4
What is the units digit of 2945?
5
What is the hundreds digit of 494?
4
What is the tens digit of 6744?
4
What is the thousands digit of 14133?
4
What is the thousands digit of 2756?
2
What is the tens digit of 5126?
2
What is the thousands digit of 2944?
2
What is the units digit of 4431?
1
What is the hundreds digit of 2839?
8
What is the units digit of 6277?
7
What is the tens digit of 81?
8
What is the units digit of 176?
6
What is the hundreds digit of 1422?
4
What is the thousands digit of 2969?
2
What is the tens digit of 40790?
9
What is the thousands digit of 9111?
9
What is the units digit of 133?
3
What is the ten thousands digit of 29257?
2
What is the hundreds digit of 623?
6
What is the units digit of 1275?
5
What is the tens digit of 6945?
4
What is the tens digit of 17305?
0
What is the units digit of 124484?
4
What is the hundreds digit of 1122?
1
What is the tens digit of 24793?
9
What is the units digit of 6738?
8
What is the units digit of 385?
5
What is the thousands digit of 53252?
3
What is the units digit of 641?
1
What is the hundreds digit of 2549?
5
What is the thousands digit of 15416?
5
What is the thousands digit of 1339?
1
What is the hundreds digit of 2286?
2
What is the hundreds digit of 34994?
9
What is the thousands digit of 2265?
2
What is the thousands digit of 91205?
1
What is the thousands digit of 111997?
1
What is the units digit of 9037?
7
What is the tens digit of 754?
5
What is the thousands digit of 6436?
6
What is the thousands digit of 39026?
9
What is the thousands digit of 17300?
7
What is the tens digit of 26023?
2
What is the tens digit of 1094?
9
What is the tens digit of 867?
6
What is the units digit of 8091?
1
What is the thousands digit of 19077?
9
What is the tens digit of 104058?
5
What is the thousands digit of 95157?
5
What is the ten thousands digit of 154514?
5
What is the units digit of 84963?
3
What is the units digit of 12916?
6
What is the thousands digit of 1372?
1
What is the tens digit of 8556?
5
What is the thousands digit of 3262?
3
What is the hundreds digit of 8816?
8
What is the tens digit of 8357?
5
What is the hundreds digit of 934?
9
What is the hundreds digit of 102?
1
What is the units digit of 1302?
2
What is the units digit of 711?
1
What is the hundreds digit of 134?
1
What is the units digit of 192?
2
What is the ten thousands digit of 78242?
7
What is the thousands digit of 1269?
1
What is the hundreds digit of 3747?
7
What is the thousands digit of 143260?
3
What is the units digit of 73021?
1
What is the ten thousands digit of 65568?
6
What is the thousands digit of 8086?
8
What is the hundreds digit of 4015?
0
What is the hundreds digit of 564?
5
What is the thousands digit of 8324?
8
What is the ten thousands digit of 74442?
7
What is the ten thousands digit of 22735?
2
What is the units digit of 28?
8
What is the hundreds digit of 72830?
8
What is the tens digit of 52237?
3
What is the thousands digit of 4814?
4
What is the hundreds digit of 3850?
8
What is the tens digit of 26530?
3
What is the hundreds digit of 436?
4
What is the hundreds digit of 371?
3
What is the thousands digit of 1081?
1
What is the hundreds digit of 30551?
5
What is the tens digit of 6278?
7
What is the tens digit of 170874?
7
What is the thousands digit of 1017?
1
What is the units digit of 35944?
4
What is the units digit of 2662?
2
What is the hundreds digit of 457?
4
What is the hundreds digit of 1860?
8
What is the ten thousands digit of 24815?
2
What is the thousands digit of 6522?
6
What is the tens digit of 2178?
7
What is the units digit of 996?
6
What is the hundreds digit of 1619?
6
What is the thousands digit of 5032?
5
What is the tens digit of 8012?
1
What is the units digit of 973?
3
What is the thousands digit of 1879?
1
What is the thousands digit of 4339?
4
What is the hundreds digit of 1702?
7
What is the ten thousands digit of 24658?
2
What is the ten thousands digit of 64906?
6
What is the ten thousands digit of 56964?
5
What is the tens digit of 1174?
7
What is the hundreds digit of 7051?
0
What is the hundreds digit of 1797?
7
What is the hundreds digit of 8396?
3
What is the thousands digit of 8715?
8
What is the tens digit of 66?
6
What is the units digit of 3820?
0
What is the hundreds digit of 77137?
1
What is the units digit of 91?
1
What is the units digit of 457?
7
What is the tens digit of 999?
9
What is the ten thousands digit of 11725?
1
What is the thousands digit of 7968?
7
What is the thousands digit of 4609?
4
What is the hundred thousands digit of 102405?
1
What is the tens digit of 2131?
3
What is the tens digit of 69?
6
What is the thousands digit of 7700?
7
What is the thousands digit of 171724?
1
What is the thousands digit of 2522?
2
What is the thousands digit of 7976?
7
What is the hundreds digit of 37249?
2
What is the thousands digit of 1134?
1
What is the tens digit of 102683?
8
What is the thousands digit of 16478?
6
What is the tens digit of 28878?
7
What is the hundreds digit of 114?
1
What is the units digit of 1899?
9
What is the units digit of 13142?
2
What is the hundreds digit of 304?
3
What is the thousands digit of 3485?
3
What is the hundreds digit of 6848?
8
What is the thousands digit of 1764?
1
What is the tens digit of 15517?
1
What is the hundreds digit of 4403?
4
What is the hundreds digit of 258?
2
What is the units digit of 417?
7
What is the hundreds digit of 5301?
3
What is the thousands digit of 6161?
6
What is the hundreds digit of 4108?
1
What is the hundreds digit of 2316?
3
What is the tens digit of 931?
3
What is the thousands digit of 8684?
8
What is the hundred thousands digit of 172735?
1
What is the tens digit of 5178?
7
What is the units digit of 8996?
6
What is the thousands digit of 8612?
8
What is the tens digit of 27038?
3
What is the hundreds digit of 10798?
7
What is the tens digit of 1192?
9
What is the units digit of 12994?
4
What is the tens digit of 5339?
3
What is the tens digit of 5027?
2
What is the thousands digit of 1856?
1
What is the hundreds digit of 567?
5
What is the thousands digit of 5268?
5
What is the units digit of 6158?
8
What is the units digit of 217?
7
What is the units digit of 1838?
8
What is the thousands digit of 5137?
5
What is the tens digit of 3610?
1
What is the tens digit of 5083?
8
What is the thousands digit of 10201?
0
What is the hundreds digit of 38695?
6
What is the hundreds digit of 356?
3
What is the tens digit of 634?
3
What is the tens digit of 110?
1
What is the hundred thousands digit of 142247?
1
What is the ten thousands digit of 130048?
3
What is the hundreds digit of 131406?
4
What is the hundreds digit of 848?
8
What is the tens digit of 31468?
6
What is the hundreds digit of 111?
1
What is the thousands digit of 22401?
2
What is the thousands digit of 1766?
1
What is the ten thousands digit of 35313?
3
What is the hundreds digit of 155?
1
What is the units digit of 7330?
0
What is the thousands digit of 3849?
3
What is the thousands digit of 3706?
3
What is the tens digit of 1728?
2
What is the units digit of 460?
0
What is the units digit of 2023?
3
What is the units digit of 1868?
8
What is the tens digit of 6758?
5
What is the hundreds digit of 90702?
7
What is the thousands digit of 19825?
9
What is the hundreds digit of 3891?
8
What is the tens digit of 2368?
6
What is the thousands digit of 38066?
8
What is the tens digit of 9218?
1
What is the ten thousands digit of 47245?
4
What is the thousands digit of 2745?
2
What is the units digit of 9899?
9
What is the units digit of 7301?
1
What is the thousands digit of 4695?
4
What is the units digit of 3967?
7
What is the tens digit of 17376?
7
What is the thousands digit of 52530?
2
What is the hundreds digit of 1146?
1
What is the tens digit of 13224?
2
What is the hundreds digit of 63815?
8
What is the units digit of 12757?
7
What is t